at is 4e - -208ce?
2091c
In base 15, what is -1 - -269094e?
269094d
In base 16, what is 86a0 + -fd?
85a3
In base 4, what is 12332020 - 1021111?
11310303
In base 2, what is 1100111111011100 - -10110100111?
1101010110000011
In base 5, what is -10 + -2431321213?
-2431321223
In base 14, what is -1d178 - 7c?
-1d216
In base 15, what is 7a16b05 + 1?
7a16b06
In base 10, what is 1513311 - 13?
1513298
In base 15, what is -6d6bd + -d?
-6d6cb
In base 6, what is 51512422 + -31?
51512351
In base 8, what is 165 - -170635?
171022
In base 5, what is -41 + 3210300412?
3210300321
In base 3, what is -212012210 + -1110121?
-220200101
In base 10, what is 42782612 + -22?
42782590
In base 12, what is -b69690 - -3?
-b69689
In base 5, what is -3204 + -12023104?
-12031313
In base 15, what is -5 - 14ea1d3?
-14ea1d8
In base 6, what is -1123 + 1152020?
1150453
In base 4, what is 3021 - 100032131?
-100023110
In base 14, what is 110 + -19ad1?
-199c1
In base 7, what is -161330 - -1?
-161326
In base 14, what is 103 - 69535?
-69432
In base 9, what is 1305517 + 245?
1305763
In base 11, what is -1a32 + -17096?
-19018
In base 16, what is -14ebadb + 2?
-14ebad9
In base 8, what is -27 + -2320545?
-2320574
In base 13, what is -b2 - 2952b?
-29610
In base 10, what is -2883 - 11685?
-14568
In base 3, what is 20121212111 - 101102?
20121111002
In base 4, what is 101223001220 - 21?
101223001133
In base 13, what is -168c - 20a0?
-375c
In base 9, what is -4355 + 87038?
82573
In base 11, what is 789 + 3327?
4005
In base 8, what is 13064362 + -5?
13064355
In base 8, what is -146071 - -2036?
-144033
In base 6, what is -323 - -1040430?
1040103
In base 7, what is 655262 - 41?
655221
In base 14, what is 5 + 2dd5428?
2dd542d
In base 11, what is -2393282 + -6?
-2393288
In base 2, what is -101000 + -1100101111011000000100?
-1100101111011000101100
In base 15, what is 8ee + 61a5?
6aa4
In base 8, what is -156 - 3022414?
-3022572
In base 12, what is 19791 + 364?
19b35
In base 5, what is 23343242 - 21?
23343221
In base 13, what is 328a - 4b83?
-18c6
In base 16, what is -403c58 + -1?
-403c59
In base 6, what is -401 + -44544121?
-44544522
In base 9, what is 576 + 481205?
481782
In base 5, what is 0 + 13123020432?
13123020432
In base 7, what is -1646140 + 2434?
-1643403
In base 5, what is 10444304 + -340140?
10104114
In base 4, what is 3 + -33121133011?
-33121133002
In base 2, what is 1100011011100001111 + 100101?
1100011011100110100
In base 15, what is -64a6e2 - -d?
-64a6d4
In base 5, what is -2 - -143031223?
143031221
In base 14, what is -22b2d - -57?
-22ab6
In base 8, what is -3563 + 5312?
1527
In base 16, what is -b6a - 14065?
-14bcf
In base 5, what is -20444230 + -4?
-20444234
In base 3, what is 20 + 1100102220021210?
1100102220022000
In base 8, what is 175552 - 12?
175540
In base 12, what is 4b52 + 187?
5119
In base 15, what is -d5894a - 17?
-d58962
In base 13, what is -601 - -2c1b2?
2b8b1
In base 11, what is 2 + -4745895a?
-47458958
In base 5, what is 101110 - 33203?
12402
In base 14, what is -120702 - -6?
-1206da
In base 16, what is 8 + -5fd4?
-5fcc
In base 9, what is 317666 + -662?
317004
In base 7, what is 152115153 + -2?
152115151
In base 10, what is 1855393 + 8?
1855401
In base 14, what is -d05a3c + -6?
-d05a44
In base 11, what is 5 - 15043800?
-150437a6
In base 11, what is 2 - 11010074?
-11010072
In base 9, what is -5048 - 30158?
-35217
In base 5, what is -4024 - -21112104?
21103030
In base 9, what is -22058 + -17365?
-40434
In base 16, what is -286d1 + 18?
-286b9
In base 5, what is -4 - 11013200?
-11013204
In base 5, what is 11 - -10301403022?
10301403033
In base 13, what is 1475bc3 + -4?
1475bbc
In base 13, what is 1a71b - b?
1a710
In base 9, what is -15 + 155045?
155030
In base 6, what is -4313504555 + 0?
-4313504555
In base 9, what is -7800828 + 24?
-7800804
In base 8, what is -5 - 227545331?
-227545336
In base 12, what is -190b105 + -1?
-190b106
In base 14, what is -3dd11d - 4?
-3dd123
In base 7, what is -61411553 - -6?
-61411544
In base 14, what is -2 + -3141d9?
-3141db
In base 15, what is 2028 - -16?
203e
In base 9, what is -6613153 - 16?
-6613170
In base 11, what is -9 + -188215?
-188223
In base 12, what is 1643732b - -1?
16437330
In base 4, what is -2 - 123233201210?
-123233201212
In base 4, what is -3 - 10313030033?
-10313030102
In base 7, what is 11226 + 6556?
21115
In base 16, what is 6b6 - -3d9?
a8f
In base 5, what is 140204412 - -30122?
140240034
In base 15, what is -3 + -c33e3a?
-c33e3d
In base 10, what is 116 - -76130?
76246
In base 12, what is 128181 - -103?
128284
In base 3, what is -12021 - -10012001122?
10011212101
In base 2, what is -100110011010111111 + -1011?
-100110011011001010
In base 5, what is 4 - 1221142000?
-1221141441
In base 15, what is 0 - 3934b54?
-3934b54
In base 11, what is -79 + -57382?
-57450
In base 14, what is -412 - -a7a?
668
In base 5, what is -313200 - 20201?
-333401
In base 16, what is -299d - -243?
-275a
In base 12, what is 60 + -1798531?
-1798491
In base 15, what is -5 + -1461019?
-146101e
In base 16, what is -37c0 + 142?
-367e
In base 11, what is 2a840 - -5aaa?
3583a
In base 5, what is -1312032014 + -1034?
-1312033103
In base 15, what is -6c8d8b + 1?
-6c8d8a
In base 8, what is -1424 - 304465?
-306111
In base 14, what is -2 - -413d94a?
413d948
In base 13, what is -57463 + -99b?
-58131
In base 14, what is -21 - 9d070?
-9d091
In base 12, what is 20a615 + 110?
20a725
In base 16, what is 1cb1 - 125?
1b8c
In base 16, what is -168c + -495d?
-5fe9
In base 9, what is -1282 - -384611?
383318
In base 7, what is 56 + -61102654?
-61102565
In base 7, what is -3 - -42306666?
42306663
In base 10, what is 2827 + 58485?
61312
In base 9, what is 272 - 15858?
-15576
In base 4, what is -333112312320032 + 3?
-333112312320023
In base 11, what is 1a9411 - 3?
1a9409
In base 7, what is -640 + 1232133?
1231163
In base 4, what is 100031122003 - 100?
100031121303
In base 4, what is -1211212010010 + -10?
-1211212010020
In base 13, what is -3a + -2aca60?
-2aca9a
In base 6, what is 1351504 + 151041?
1542545
In base 7, what is 11 - -404522616?
404522630
In base 9, what is -50468011 - 36?
-50468047
In base 2, what is -11 + -1100010101101101011001?
-1100010101101101011100
In base 4, what is 1003 + -132111200?
-132110131
In base 4, what is -1100001 + -20021320?
-21121321
In base 8, what is 140 + -1107210?
-1107050
In base 5, what is -334210 - -121033?
-213122
In base 8, what is 4011162 + -352?
4010610
In base 6, what is 25510 - -1323244?
1353154
In base 8, what is -106 - 36517?
-36625
In base 2, what is 11001101110000100001011100 + 0?
11001101110000100001011100
In base 16, what is -162 + -2e6f?
-2fd1
In base 4, what is -1012020033 - 100202?
-1012120301
In base 7, what is 356144652 - -10?
356144662
In base 4, what is 102312303 - -133?
102313102
In base 11, what is 2535 + -1069?
1477
In base 5, what is 32 - 1132310?
-1132223
In base 3, what is 21001022220211 + -101?
21001022220110
In base 13, what is 2 + -483202c?
-483202a
In base 6, what is -5 - 223151012?
-223151021
In base 10, what is 7237 + -8046?
-809
In base 9, what is -5 + -2056605?
-2056611
In base 8, what is -6637 + -65?
-6724
In base 14, what is 133c + -4d?
12cd
In base 10, what is -748 + 31918?
31170
In base 9, what is -181550486 - -1?
-181550485
In base 15, what is -ed356 + -18?
-ed36e
In base 10, what is -24 - -5622?
5598
In base 3, what is -10101212200011021021 - 0?
-10101212200011021021
In base 15, what is -5ca8 - 280?
-6038
In base 11, what is -930 + 58a8?
4a78
In base 2, what is 100010100000101011 - 11?
100010100000101000
In base 13, what is 6 - 22333c3a?
-22333c34
In base 13, what is -179729c9 + -2?
-179729cb
In base 11, what is 77 + -24a99?
-24a22
In base 10, what is -17311835 + -2?
-17311837
In base 7, what is 2 + -1244325636?
-1244325634
In base 5, what is -40 + 20324013?
20323423
In base 2, what is -11110111010100101000001110 + -1?
-11110111010100101000001111
In base 13, what is 0 - -6b3914?
6b3914
In base 12, what is 2790b713 + 4?
2790b717
In base 13, what is c0a7 + 11c70?
21047
In base 14, what is -7 - 10d7851?
-10d7858
In base 3, what is 11 - -12120000211111121?
12120000211111202
In base 5, what is 144334021 + 1022?
144340043
In base 5, what is -3040043 - 20130?
-3110223
In base 6, what is -205 + -125123?
-1